r + 6 = 0. Suppose -2*h - 231 = -r*m - 29, 4*h - 172 = -3*m. What is the units digit of m?
4
Let l = 168 - -1996. What is the hundreds digit of l?
1
Let y be -10*(-1)/(15/9). What is the tens digit of 322/y - (-5)/15?
5
Let i(n) = -n**2 + 13*n + 2. Let r be i(11). Let h be (-138)/r + 1/(-4). Let t = h - -10. What is the units digit of t?
4
What is the tens digit of 1 + (4998/18)/((-2)/(-6))?
3
Suppose -4*f + 3*x + 72 = 0, -11 = -f + 3*x + 7. Let q = f - 13. Suppose -q*u + 0 + 5 = 0. What is the units digit of u?
1
Let c = 4 - 4. Suppose 2 = -w + 2*z - c*z, 5*w - 4*z = 8. Suppose -7*y + w*y = -189. What is the tens digit of y?
6
Let q(u) = 3*u**2 - 15*u - 2. Let y = -4 - 5. Let x(f) = -f**2 - 9*f + 7. Let h be x(y). What is the tens digit of q(h)?
4
Suppose -18 = q - 37. Suppose -z = -q - 22. What is the units digit of z?
1
Let h = -19 - -19. Suppose 10*n - 13*n + 93 = h. What is the tens digit of n?
3
Let v = -1012 - -1390. What is the units digit of v?
8
Suppose -4*w - 2*t = -586, -6*w - 4*t = -3*w - 427. What is the units digit of w?
9
Suppose 5*g = 7*g. Suppose g*t + 564 = 4*t. What is the tens digit of t?
4
Let f be 1*(-2 - (-4 - -2)). Suppose -14*c + 3696 = -f*c. What is the hundreds digit of c?
2
Let t(q) be the third derivative of q**4/12 + q**3/3 + 7*q**2. What is the units digit of t(2)?
6
Suppose -5*v + 2*k = -2204, 5*k + 1770 = 8*v - 4*v. What is the units digit of (-1 - 0) + v/4?
9
Suppose 17*a - 11690 = 41367. What is the thousands digit of a?
3
Let i(y) = -2 - y + 5 + 2. Suppose z = -4*o - 17, -z + 18 = -4*o + 11. What is the tens digit of i(z)?
1
Let s(l) = 51*l - 220. What is the units digit of s(6)?
6
Let p(s) = -9*s**2 - 1. Let i be p(-1). What is the tens digit of (2 + i/25)*30?
4
Let y(t) = 12*t**2 - 3*t**2 + t**3 - 6*t + 13 - 5*t + 3*t. What is the tens digit of y(-8)?
4
Let s = 3177 - 683. What is the tens digit of s?
9
Let r(v) = v + 7. Suppose 3*c - 36 = 4*b, c + 20 = 6*c. Let z be r(b). Let x = z - -23. What is the units digit of x?
4
Let p = 57 - -81. Let l = -81 + p. What is the units digit of l?
7
Suppose -5*v + 14 = 2*c - 4, -5*v + 4*c = 6. Suppose -x - 48 = -3*a + 10, -3*a + v*x = -56. Suppose g = -0 + a. What is the tens digit of g?
2
Let i(y) = -3*y + y + 2*y - 3 - 3*y. Let u be i(-3). Let n = -2 + u. What is the units digit of n?
4
Let q be (-11)/33 - 44/(-6). Suppose -q*u + 84 = -105. What is the tens digit of u?
2
Let w(u) = 2*u - 5. Suppose -4*q - 5 = 7. Let b be (12/(-10))/(q/15). What is the units digit of w(b)?
7
Suppose -3*f + 13 = 4*p - 5, 0 = -3*p + 5*f - 1. Suppose p = -x, 2*o - 263 = 5*x - 4*x. What is the hundreds digit of o?
1
Suppose -3*v = 2*f - 66, -2*f - 15 = -7*f. Let g = 3 + v. What is the units digit of g?
3
What is the tens digit of 1/(-2)*(36 + -144)?
5
Let n(j) = 7*j + 25. Let o be n(-10). Let t be ((-108)/o)/((-1)/(-5)). Suppose -2*y - 4 = -2*k, t = 3*y + 3. What is the units digit of k?
5
Let x(g) = g**3 - 1. Let d be x(-1). What is the units digit of -1*(d - 49) + 0 + -3?
8
Suppose -4*j - 156 = 184. Let v = 179 + j. What is the tens digit of v?
9
Suppose -25 = 5*s - 30. What is the units digit of (s + -4 - 4)*-5?
5
Suppose u = -2*c, -4*u - 22 = -0*u - 3*c. What is the units digit of (u/3)/((-8)/204)?
4
Let y(r) = -3*r - 36. Let d be y(-12). Suppose d = -3*v + 68 + 16. What is the units digit of v?
8
Let o be (-6)/21 - ((-48)/21 - -3). What is the tens digit of -2 - (5 - (o + 32))?
2
Let o = 1653 + -1135. What is the hundreds digit of o?
5
Let k = 516 + -308. Suppose 4*a = 2*b + 30 + k, 3*a - 122 = b. Let q = -53 - b. What is the tens digit of q?
6
Let l(v) be the third derivative of -v**4/24 + v**3/6 - 3*v**2. What is the units digit of l(-1)?
2
Suppose 0 = 11*t - 56*t + 25380. What is the tens digit of t?
6
Suppose -3*l = -4*f - 111, 4*l - f - 28 = 107. Suppose -35*w = -l*w - 142. What is the units digit of w?
1
Suppose -4*j + 0*j + 3*x = -2126, -5*j + 2660 = -5*x. What is the hundreds digit of j?
5
Suppose 3*t + 71 = 4*t. Let s be (44 - 1 - 11)/(2/3). Let h = t - s. What is the tens digit of h?
2
Let i be (-2 - (-1 + -6)) + 2. Suppose 5*o = 4*a + i, -5*a + 0*a - 15 = 0. Let r = 15 - o. What is the units digit of r?
6
Let g be 1/(-2) + ((-700)/8)/(-5). Suppose 4 = -k + 49. Suppose -2*o + k = -g. What is the tens digit of o?
3
Let s = 1012 + -363. What is the units digit of s?
9
Let t(n) = -136 - 5*n**2 - 23*n + 3*n**2 + 3*n**2 + 87. What is the units digit of t(28)?
1
Let o = -33 - -48. Suppose w + 84 = -o. Let d = -39 - w. What is the units digit of d?
0
Let j be (-12)/90 - (-334)/30. Suppose -4*l - j + 99 = 0. Suppose 1 = -3*o + l. What is the units digit of o?
7
What is the hundreds digit of (39/15)/(567/(-285) - -2)?
2
Suppose -2*j + 2136 = -5*o, -3*o = -3*j + j + 2128. What is the units digit of j?
8
Let a = 2191 + -977. What is the thousands digit of a?
1
Suppose u - 160 = -0*u. Let g be (-18)/8*u/30. What is the tens digit of ((-143)/(-22))/((-2)/g)?
3
Let u be (1 - 31)*210/(-75). Suppose -4*o + u + 204 = 5*r, -5*r + 3*o = -274. What is the tens digit of r?
5
Let d = -3463 - -7454. What is the units digit of d?
1
Let l(g) = 9*g**2 + 16*g - 9. What is the hundreds digit of l(-12)?
0
What is the hundreds digit of (-1 - (-155)/15)*996/16?
5
Let i = 2 + -1. Let b be 83*-1*(2 - i). Let w = -52 - b. What is the tens digit of w?
3
Let t(i) = i**3 + 7*i**2 + 2. Let y be t(-5). Let p = y + -30. What is the tens digit of p?
2
Let r(s) be the first derivative of 2 - 1/4*s**4 - 1/2*s**2 + 5/3*s**3 - s. What is the units digit of r(4)?
1
Suppose 20 = 4*t - 4*i, 0 = -2*t + 4*t - 3*i - 5. What is the units digit of 87 + 14/t + (-34)/85?
8
Let p = -14 + 23. Suppose -4*d = -h - 2 + p, 0 = 5*h + 3*d - 12. Suppose 3*w - h*n - 98 = -w, 3*w = -n + 67. What is the units digit of w?
3
Let m(n) = 4*n - 1. Let s be m(1). Suppose -s*p = -7*p + 16. What is the units digit of p?
4
Let z be 36/162 + 614/(-9). Let x(j) = -26*j**2 - 3*j + 2. Let y be x(2). Let t = z - y. What is the tens digit of t?
4
Let y = 4 + -10. Let f be (-3)/6*y*1. Suppose 16 = 5*z - 0*z + f*w, -3*w = 4*z - 14. What is the units digit of z?
2
Suppose -4*z = -4*l - 2*z - 364, 4*z + 442 = -5*l. Suppose -k - 28 = r, k + 3*k = 5*r + 131. What is the tens digit of (18/r)/(2/l)?
3
Let o = -10 - -10. Let p = o - -4. What is the units digit of 3*4/(p/2)?
6
Let b = 673 + -403. What is the hundreds digit of b?
2
Let f = -203 - -272. What is the tens digit of f?
6
Let q(z) = z**3 - 14*z**2 + 26. What is the tens digit of q(15)?
5
Let t = 1312 - 855. What is the units digit of t?
7
Suppose q - 3*q + 10 = 0, -3*n - 4*q = -1520. What is the hundreds digit of n?
5
Suppose 4*v + 45 = -v. Let s = v + 19. What is the units digit of s?
0
Let w = 464 + -156. What is the units digit of w?
8
Let r(x) = 105*x**3 - 10*x**2 - x + 8. What is the hundreds digit of r(3)?
7
Let d = -20 + 25. Suppose 7 - d = u. What is the units digit of ((-2)/5)/(u/(-200))?
0
Let b(y) be the third derivative of y**5/60 - y**4/6 - y**3/6 - 6*y**2. Let f be b(3). Let p = f + 15. What is the tens digit of p?
1
Suppose 0 = 2*o - 7*o. Suppose o = 2*a - 5*a. Suppose -2*z - 5*k + a*k + 99 = 0, -z = -k - 39. What is the units digit of z?
2
Suppose 3*f = 3*s + 1485, 4*f + 4*s - 1450 = f. Suppose -35*l + f = -28*l. What is the units digit of l?
0
Let q(f) = 3*f**3 - 3*f**2 - 3*f + 2. Let p = -24 + 20. Let k be p/(-26) - 74/(-26). What is the units digit of q(k)?
7
Suppose -6*v - 33 = 255. Suppose 4*z = -306 + 18. Let r = v - z. What is the tens digit of r?
2
Let n = 364 - -221. What is the hundreds digit of n?
5
Let t(a) = -a**3 + a**2 + 13*a - 2. What is the units digit of t(-8)?
0
Suppose -14 = 4*p - 5*p. Suppose 3*v - 3*q + 6 = 0, v = 5*v - q - 4. Suppose 0 = -v*m - c - c + p, 5*c - 3 = 3*m. What is the units digit of m?
4
Let i = 4122 - 1099. What is the tens digit of i?
2
Let b be (-4)/10 - (-37)/5. Let y(z) = -2*z - z**2 - 5*z**2 + z + b*z**2. What is the units digit of y(-2)?
6
Suppose -5*s - 2*c - 2*c = -52, -5*c + 7 = -s. Suppose 3*i - s*i = -230. What is the units digit of i?
6
Suppose 54 = 4*j + 2*f, -5*j - 7 = f - 67. Suppose 1 = -2*m + j. Suppose -5*g = m*p - 95, 63 = 3*p + 2*g - g. What is the tens digit of p?
2
Suppose 0 = -29*a - 6922 + 41432. What is the units digit o